= -k**3 + k**2 - k - 45. Let x be t(0). Let r = x - z. What is the units digit of r?
7
Let g be (-370)/(-25) - 24/30. What is the thousands digit of 36/42 - (-16984)/g?
1
Let t(r) = 8647*r**3 + r - 2. Let f be t(1). Suppose 7*m - f = 426. Suppose 255 = i + 2*k, -3*i = -8*i - 3*k + m. What is the tens digit of i?
6
Let r = 18 - 31. Let h be (542/14 - -3) + 18/63. Let n = h + r. What is the tens digit of n?
2
Let q(m) = -32 + m**2 - m + 61 - 30. What is the tens digit of q(-14)?
0
Let z = -16350 - -26120. What is the units digit of z?
0
Suppose -271 = b - 2*r, -574 = -b + 3*b + 4*r. Let p = -27 - b. What is the tens digit of p?
5
Let o = 128 + -124. What is the tens digit of 9/6*o/(-6)*-283?
8
Suppose 563*g - 12098400 = 11394031 - 5276566. What is the units digit of g?
5
Let m(r) = -854*r - 11. Let n be -5 - -9 - (-5 - -14 - 3). What is the thousands digit of m(n)?
1
Let a(p) = 13 + 4*p + 3 - p - 4*p. Let l be a(5). Suppose 9 + l = 4*h. What is the units digit of h?
5
Let u(r) = 4*r**3 - 9*r**2 + 17*r + 2. Let v be u(7). Let p = v + -656. What is the tens digit of p?
9
Let z be (-6)/(-9)*(-2 - -5). Suppose 0 = -2*o + 10, -n + 0*n + 15 = z*o. What is the tens digit of 93 + (n + -2)*-1?
9
Suppose -1136 + 4113 = 4*i - 3*k, -2*i - k = -1491. Let y be (7 - i/25)/(2/(-5)). Let c = y - 49. What is the units digit of c?
8
Let m(b) = -91*b - 9. Let n be m(-2). Let q = n - -120. What is the hundreds digit of q?
2
What is the hundreds digit of 1*9 + 1513/(-178) - 19323/(-2)?
6
Suppose 12*u + 437 = -115. Let v = 216 + u. What is the tens digit of v?
7
Let m(r) = 2*r**3 + 25*r + 17370. What is the ten thousands digit of m(0)?
1
Let h = -21122 + 35946. What is the units digit of h?
4
Let k(h) = h**2 + 11*h + 34. Let f be k(-16). Let u = -46 + f. Let v = -20 + u. What is the tens digit of v?
4
Suppose -2*o = -2 - 6, o = z + 154. What is the tens digit of z/(-9)*(-6)/(-4)?
2
Suppose 2*a + 5 = 2*i + 3, -5*i = -4*a - 7. Suppose -4*g = 3*v - 518, -459 = -5*v - i*g + 408. What is the tens digit of v?
7
Let r(i) = 435 + 375*i - 838 + 24*i + 416. What is the tens digit of r(2)?
1
Let i(l) = -189*l + 854. What is the units digit of i(-18)?
6
Let i(y) = 17*y - 2. Let z be (-1416)/(-144) - 2/(-12). Let s be i(z). Suppose 0 = -b - 6*b + s. What is the units digit of b?
4
Suppose -37*a = -34*a - 15, -5*m + 272435 = -a. What is the units digit of m?
8
Let i(n) = -2*n + 411. What is the hundreds digit of i(96)?
2
Let u = 67578 - 34683. What is the tens digit of u?
9
Let r(h) = -h**3 - 5*h**2 - 6*h + 1. Let j be (-2 - 5)*((-8)/4 - 2). Let t = j + -35. What is the hundreds digit of r(t)?
1
Let f(n) = 2*n**3 + 5*n**2 + 2*n. Let v be f(-2). Suppose -l + 748 = 4*s + 4*l, v = -5*s - 2*l + 918. What is the units digit of s?
2
Let t be (-12 - -5) + 0 + -4. What is the tens digit of 4018/10 - (2 + t/5)?
0
Suppose -38*z - 33505 + 188621 = 0. What is the tens digit of z?
8
Suppose -6*h - 223 + 535 = 0. Let i = h + -29. What is the tens digit of i?
2
What is the thousands digit of (-17 - (-1694)/98)*81179?
3
Suppose 5*t + 131*q = 134*q + 74390, -3*t + 3*q = -44640. What is the hundreds digit of t?
8
Let f(z) = 2*z**3 + 15153. What is the tens digit of f(0)?
5
Suppose 4*f - 2304 = 4*h, -2298 = -3*f - f + h. What is the hundreds digit of f?
5
Suppose 16 = -4*m, -5*m = -d - 4*m + 9. Suppose -d*r = x - 359, -8*x - r = -5*x - 1077. What is the units digit of x?
9
Let i(r) = r**2 + 4*r - 7. Let q be i(2). Suppose 4*m - 3*m - 40 = -q*o, -65 = -2*m + 5*o. What is the tens digit of 76*((-10)/m - (-114)/56)?
3
Suppose 0 = 3*s - 3*a - 140589, 4*s - 110927 = 3*a + 76529. What is the hundreds digit of s?
8
Let k be (1 + 8)/(((-9)/(-2))/(-3)). Let f be (230/6)/((-1)/k). Let p = f + -162. What is the units digit of p?
8
Suppose 6*z - 37 = -37. Suppose z = 5*t - 5267 - 1453. Suppose a = 3*r - 0*a - 798, 3*a = -5*r + t. What is the hundreds digit of r?
2
Let j(h) = 415*h + 3543. What is the hundreds digit of j(12)?
5
What is the units digit of 3056/(-18)*-44 + (-4)/18?
0
Suppose 5*m - 9065 = -0*m + 5*k, m + 2*k = 1825. Let x = 3673 - m. What is the hundreds digit of x?
8
Suppose 21*y + 40773 = 4*j + 16*y, -2*j + 4*y + 20394 = 0. What is the thousands digit of j?
0
Let d = 24 + -24. Suppose d*i = -3*i + 225. What is the units digit of 8/10 + 315/i?
5
Let y be ((-24)/(-42))/(3/21). Suppose 0 = 2*p - 4*a - 3712, 4027 = y*p - 2*a - 3415. What is the units digit of p?
2
Let v(a) = -3*a**3 - 137*a**2 + 21*a + 182. What is the ten thousands digit of v(-55)?
8
Suppose 1354 = 6*x - 368. Let l = -54 + x. What is the hundreds digit of l?
2
Let j = -32 + 38. Let g(v) = -j + 11 + 27*v + 125*v. What is the tens digit of g(1)?
5
Let w(u) = 2*u**3 + 13*u**2 + 6*u. Let i be w(-7). Let s = 83 + i. What is the hundreds digit of ((-717)/6 + -1)*16/s?
2
Suppose 0 = a + 3*a. Let x be (-1)/(6/3)*a. Suppose 0 = 2*p - x*p - 8, -4*h + 3*p = -384. What is the tens digit of h?
9
Let i(p) be the second derivative of -28*p**3/3 + 14*p**2 + 90*p. What is the units digit of i(-4)?
2
Let m be 405*(9/((-45)/(-10)) + -1). Let c = -143 + m. What is the hundreds digit of c?
2
Suppose -s - 4*s - 31182 = -4*i, 0 = -2*i - 5*s + 15636. What is the units digit of i?
3
Suppose -799 - 2106 = -7*b. Let k = b + -230. Suppose 3*d - 4 - k = 0. What is the units digit of d?
3
Suppose -245*f = -115*f - 1418690. What is the thousands digit of f?
0
Let a(o) = 2*o**2 - 16*o - 16. Let p(t) = -2*t**2 + 35*t - 12. Let u be p(17). Suppose -40 - 25 = -u*y. What is the hundreds digit of a(y)?
1
Let t be 2/(-5) + 51/15. Suppose 4*g - 3*c - 35 = 0, -5*g + 2*g + 10 = c. Suppose g*s - 148 = 2*m, -t*s + 5*m = -0*s - 85. What is the tens digit of s?
3
Suppose -9*n + 4*n - 690 = 0. What is the hundreds digit of (n/(-161))/(1/238)?
2
Let w(h) = -121*h + 62. Let u be w(6). What is the tens digit of (u/(-16))/(1/12)?
9
Suppose -3*h - l + 1614 = 0, 10*h = 9*h + 5*l + 538. Let d = 851 - h. What is the tens digit of d?
1
What is the thousands digit of 6/(-8)*1 + 2283309/252?
9
Let r = 10335 - -4245. What is the ten thousands digit of r?
1
Suppose 0 = 3*c + 6. Let k be c - ((-16)/20)/((-4)/(-10)). Suppose 102*x - 104*x + 22 = k. What is the units digit of x?
1
Let z = -2735 - -1949. Let r = -438 - z. What is the hundreds digit of r?
3
Let d = -353 - -364. What is the hundreds digit of (-8)/5*d/(88/(-1200))?
2
Suppose 806256 = 61*g - 13*g. What is the units digit of g?
7
Suppose 0 = -5*s - 0*s + 15. Let u be (s/1 - 3) + 0. Suppose -2*k - 5*n + 106 = u, 3*k + 2*k = 5*n + 265. What is the tens digit of k?
5
Suppose 75*k = 132*k - 80*k + 581003. What is the thousands digit of k?
5
Let z = 5329 + 1666. What is the units digit of z?
5
Let x be (-2)/(-13) - (-2607)/39. Suppose x + 417 = 2*j. What is the units digit of j?
2
Let q(n) = 5*n - 22. Let o be q(9). Suppose c + o = 28. Suppose 0 = 2*b + c*b - 308. What is the units digit of b?
4
Let t = 10164 + -2469. What is the hundreds digit of t?
6
Let x(a) = a**3 - 11*a**2 + 13*a + 7. Let v be x(10). Suppose -v = -3*q - i, 3*q + 3*i = -i + 22. What is the units digit of (-296)/(-30) + q/105?
0
Let h = -1924 - -7924. What is the hundreds digit of h?
0
Suppose 3*t - 2608 = 2*q, 4*q = -t - 785 - 4403. Let j = q - -2589. What is the thousands digit of j?
1
Let k = 421 + -416. Suppose t + m - 648 = -2*m, -1252 = -2*t + k*m. What is the units digit of t?
6
Let q(b) = 6*b**3 - b**2 + 11*b - 21. Let s be q(4). Let i = -235 + s. What is the hundreds digit of i?
1
Suppose -301*i = -240*i - 4022767. What is the tens digit of i?
4
Suppose 3*t - 2*i = -3*i + 59738, -5*t = -2*i - 99578. What is the units digit of t?
4
Let y be (12/(-36))/((-1)/(-6)). What is the units digit of 35/14*y - -928?
3
Suppose 5*c - 2*c - 45 = 0. Suppose c = -6*r + 11*r. Suppose r*n - 5*y - 73 = 0, 3*y + 9 = -6. What is the units digit of n?
6
Let u be 9/(-3)*(728/(-6) - 2). Suppose -2*r = -6*m + m + 1862, -u = -m + r. Let x = -212 + m. What is the hundreds digit of x?
1
Suppose -9320 = -n - 7*n. Suppose 337 = 2*y - n. Suppose y = 11*b - 624. What is the units digit of b?
5
Let n(z) = -4*z + 14. Let j be n(0). Let g be (1 - 17)/(j - 16). Suppose -g*f + 36 = f. What is the units digit of f?
4
Suppose -19*h - 232440 = -1272196. What is the hundreds digit of h?
7
Let s(